{"id":2121,"date":"2024-05-30T14:33:07","date_gmt":"2024-05-30T14:33:07","guid":{"rendered":"https:\/\/blacklily.es\/?post_type=product&#038;p=2121"},"modified":"2024-05-31T10:52:26","modified_gmt":"2024-05-31T10:52:26","slug":"top-manga-francesa-negro","status":"publish","type":"product","link":"https:\/\/blacklily.es\/?product=top-manga-francesa-negro","title":{"rendered":"Top manga francesa negro"},"content":{"rendered":"<p>[et_pb_section fb_built=\u00bb1&#8243; _builder_version=\u00bb4.14.5&#8243; _module_preset=\u00bbdefault\u00bb global_colors_info=\u00bb{}\u00bb][\/et_pb_section]<\/p>\n","protected":false},"excerpt":{"rendered":"<p>Top manga francesa, lazo en la espalda, color negro.<\/p>\n","protected":false},"featured_media":2125,"comment_status":"open","ping_status":"closed","template":"","meta":{"_et_pb_use_builder":"on","_et_pb_old_content":"Top de tirantes, anudado en la espalda con un lazo, cerrado con un bot\u00f3n, color negro.\r\n\r\n<strong>MATERIAL:\u00a0<\/strong>\r\n\r\n95% Poli\u00e9ster 5% Spandex\r\n\r\n<strong>CUIDADOS<\/strong>\r\n\r\n<strong>-<\/strong> Lavado a m\u00e1quina 30\u00ba\r\n- Planchado suave\r\n- No usar secadora\r\n- No usar lej\u00eda\r\n\r\nLa modelo mide 174 cm y lleva talla S.\r\n\r\n&nbsp;\r\n\r\n&nbsp;\r\n\r\n&nbsp;","_et_gb_content_width":""},"product_brand":[],"product_cat":[103],"product_tag":[],"class_list":{"0":"post-2121","1":"product","2":"type-product","3":"status-publish","4":"has-post-thumbnail","6":"product_cat-tops","8":"first","9":"instock","10":"taxable","11":"shipping-taxable","12":"purchasable","13":"product-type-variable"},"yoast_head":"<!-- This site is optimized with the Yoast SEO plugin v27.3 - https:\/\/yoast.com\/product\/yoast-seo-wordpress\/ -->\n<title>Top manga francesa negro | Black Lily Clothing<\/title>\n<meta name=\"description\" content=\"Sudadera color melocot\u00f3n, unisex, felpa perchada, serigraf\u00eda logotipo en delantero y Katie Sandwina (mujer forzuda) en espalda.\" \/>\n<meta name=\"robots\" content=\"index, follow, max-snippet:-1, max-image-preview:large, max-video-preview:-1\" \/>\n<link rel=\"canonical\" href=\"https:\/\/blacklily.es\/producto\/top-manga-francesa-negro\/\" \/>\n<meta property=\"og:locale\" content=\"es_ES\" \/>\n<meta property=\"og:type\" content=\"article\" \/>\n<meta property=\"og:title\" content=\"Sudadera unisex melocot\u00f3n | Black Lily Clothing\" \/>\n<meta property=\"og:description\" content=\"Sudadera color melocot\u00f3n, unisex, felpa perchada, serigraf\u00eda logotipo en delantero y Katie Sandwina (mujer forzuda) en espalda.\" \/>\n<meta property=\"og:url\" content=\"https:\/\/blacklily.es\/producto\/top-manga-francesa-negro\/\" \/>\n<meta property=\"og:site_name\" content=\"Black Lily Clothing\" \/>\n<meta property=\"article:modified_time\" content=\"2024-05-31T10:52:26+00:00\" \/>\n<meta property=\"og:image\" content=\"https:\/\/blacklily.es\/wp-content\/uploads\/2021\/12\/BL-9-scaled.jpg\" \/>\n\t<meta property=\"og:image:width\" content=\"2560\" \/>\n\t<meta property=\"og:image:height\" content=\"1791\" \/>\n\t<meta property=\"og:image:type\" content=\"image\/jpeg\" \/>\n<meta name=\"twitter:card\" content=\"summary_large_image\" \/>\n<meta name=\"twitter:title\" content=\"Sudadera unisex melocot\u00f3n | Black Lily Clothing\" \/>\n<meta name=\"twitter:description\" content=\"Sudadera color melocot\u00f3n, unisex, felpa perchada, serigraf\u00eda logotipo en delantero y Katie Sandwina (mujer forzuda) en espalda.\" \/>\n<meta name=\"twitter:image\" content=\"https:\/\/blacklily.es\/wp-content\/uploads\/2021\/12\/BL-9-scaled.jpg\" \/>\n<script type=\"application\/ld+json\" class=\"yoast-schema-graph\">{\"@context\":\"https:\\\/\\\/schema.org\",\"@graph\":[{\"@type\":\"WebPage\",\"@id\":\"https:\\\/\\\/blacklily.es\\\/producto\\\/top-manga-francesa-negro\\\/\",\"url\":\"https:\\\/\\\/blacklily.es\\\/producto\\\/top-manga-francesa-negro\\\/\",\"name\":\"Top manga francesa negro | Black Lily Clothing\",\"isPartOf\":{\"@id\":\"https:\\\/\\\/blacklily.es\\\/#website\"},\"primaryImageOfPage\":{\"@id\":\"https:\\\/\\\/blacklily.es\\\/producto\\\/top-manga-francesa-negro\\\/#primaryimage\"},\"image\":{\"@id\":\"https:\\\/\\\/blacklily.es\\\/producto\\\/top-manga-francesa-negro\\\/#primaryimage\"},\"thumbnailUrl\":\"https:\\\/\\\/blacklily.es\\\/wp-content\\\/uploads\\\/2024\\\/05\\\/1J4A3689-copia1.jpg\",\"datePublished\":\"2024-05-30T14:33:07+00:00\",\"dateModified\":\"2024-05-31T10:52:26+00:00\",\"description\":\"Sudadera color melocot\u00f3n, unisex, felpa perchada, serigraf\u00eda logotipo en delantero y Katie Sandwina (mujer forzuda) en espalda.\",\"breadcrumb\":{\"@id\":\"https:\\\/\\\/blacklily.es\\\/producto\\\/top-manga-francesa-negro\\\/#breadcrumb\"},\"inLanguage\":\"es\",\"potentialAction\":[{\"@type\":\"ReadAction\",\"target\":[\"https:\\\/\\\/blacklily.es\\\/producto\\\/top-manga-francesa-negro\\\/\"]}]},{\"@type\":\"ImageObject\",\"inLanguage\":\"es\",\"@id\":\"https:\\\/\\\/blacklily.es\\\/producto\\\/top-manga-francesa-negro\\\/#primaryimage\",\"url\":\"https:\\\/\\\/blacklily.es\\\/wp-content\\\/uploads\\\/2024\\\/05\\\/1J4A3689-copia1.jpg\",\"contentUrl\":\"https:\\\/\\\/blacklily.es\\\/wp-content\\\/uploads\\\/2024\\\/05\\\/1J4A3689-copia1.jpg\",\"width\":1500,\"height\":1500,\"caption\":\"top-negro\"},{\"@type\":\"BreadcrumbList\",\"@id\":\"https:\\\/\\\/blacklily.es\\\/producto\\\/top-manga-francesa-negro\\\/#breadcrumb\",\"itemListElement\":[{\"@type\":\"ListItem\",\"position\":1,\"name\":\"Inicio\",\"item\":\"https:\\\/\\\/blacklily.es\\\/\"},{\"@type\":\"ListItem\",\"position\":2,\"name\":\"Tienda\",\"item\":\"https:\\\/\\\/blacklily.es\\\/?page_id=829\"},{\"@type\":\"ListItem\",\"position\":3,\"name\":\"Top manga francesa negro\"}]},{\"@type\":\"WebSite\",\"@id\":\"https:\\\/\\\/blacklily.es\\\/#website\",\"url\":\"https:\\\/\\\/blacklily.es\\\/\",\"name\":\"Black Lily Clothing\",\"description\":\"Moda rompedora y totalmente original.\",\"potentialAction\":[{\"@type\":\"SearchAction\",\"target\":{\"@type\":\"EntryPoint\",\"urlTemplate\":\"https:\\\/\\\/blacklily.es\\\/?s={search_term_string}\"},\"query-input\":{\"@type\":\"PropertyValueSpecification\",\"valueRequired\":true,\"valueName\":\"search_term_string\"}}],\"inLanguage\":\"es\"}]}<\/script>\n<!-- \/ Yoast SEO plugin. -->","yoast_head_json":{"title":"Top manga francesa negro | Black Lily Clothing","description":"Sudadera color melocot\u00f3n, unisex, felpa perchada, serigraf\u00eda logotipo en delantero y Katie Sandwina (mujer forzuda) en espalda.","robots":{"index":"index","follow":"follow","max-snippet":"max-snippet:-1","max-image-preview":"max-image-preview:large","max-video-preview":"max-video-preview:-1"},"canonical":"https:\/\/blacklily.es\/producto\/top-manga-francesa-negro\/","og_locale":"es_ES","og_type":"article","og_title":"Sudadera unisex melocot\u00f3n | Black Lily Clothing","og_description":"Sudadera color melocot\u00f3n, unisex, felpa perchada, serigraf\u00eda logotipo en delantero y Katie Sandwina (mujer forzuda) en espalda.","og_url":"https:\/\/blacklily.es\/producto\/top-manga-francesa-negro\/","og_site_name":"Black Lily Clothing","article_modified_time":"2024-05-31T10:52:26+00:00","og_image":[{"width":2560,"height":1791,"url":"https:\/\/blacklily.es\/wp-content\/uploads\/2021\/12\/BL-9-scaled.jpg","type":"image\/jpeg"}],"twitter_card":"summary_large_image","twitter_title":"Sudadera unisex melocot\u00f3n | Black Lily Clothing","twitter_description":"Sudadera color melocot\u00f3n, unisex, felpa perchada, serigraf\u00eda logotipo en delantero y Katie Sandwina (mujer forzuda) en espalda.","twitter_image":"https:\/\/blacklily.es\/wp-content\/uploads\/2021\/12\/BL-9-scaled.jpg","schema":{"@context":"https:\/\/schema.org","@graph":[{"@type":"WebPage","@id":"https:\/\/blacklily.es\/producto\/top-manga-francesa-negro\/","url":"https:\/\/blacklily.es\/producto\/top-manga-francesa-negro\/","name":"Top manga francesa negro | Black Lily Clothing","isPartOf":{"@id":"https:\/\/blacklily.es\/#website"},"primaryImageOfPage":{"@id":"https:\/\/blacklily.es\/producto\/top-manga-francesa-negro\/#primaryimage"},"image":{"@id":"https:\/\/blacklily.es\/producto\/top-manga-francesa-negro\/#primaryimage"},"thumbnailUrl":"https:\/\/blacklily.es\/wp-content\/uploads\/2024\/05\/1J4A3689-copia1.jpg","datePublished":"2024-05-30T14:33:07+00:00","dateModified":"2024-05-31T10:52:26+00:00","description":"Sudadera color melocot\u00f3n, unisex, felpa perchada, serigraf\u00eda logotipo en delantero y Katie Sandwina (mujer forzuda) en espalda.","breadcrumb":{"@id":"https:\/\/blacklily.es\/producto\/top-manga-francesa-negro\/#breadcrumb"},"inLanguage":"es","potentialAction":[{"@type":"ReadAction","target":["https:\/\/blacklily.es\/producto\/top-manga-francesa-negro\/"]}]},{"@type":"ImageObject","inLanguage":"es","@id":"https:\/\/blacklily.es\/producto\/top-manga-francesa-negro\/#primaryimage","url":"https:\/\/blacklily.es\/wp-content\/uploads\/2024\/05\/1J4A3689-copia1.jpg","contentUrl":"https:\/\/blacklily.es\/wp-content\/uploads\/2024\/05\/1J4A3689-copia1.jpg","width":1500,"height":1500,"caption":"top-negro"},{"@type":"BreadcrumbList","@id":"https:\/\/blacklily.es\/producto\/top-manga-francesa-negro\/#breadcrumb","itemListElement":[{"@type":"ListItem","position":1,"name":"Inicio","item":"https:\/\/blacklily.es\/"},{"@type":"ListItem","position":2,"name":"Tienda","item":"https:\/\/blacklily.es\/?page_id=829"},{"@type":"ListItem","position":3,"name":"Top manga francesa negro"}]},{"@type":"WebSite","@id":"https:\/\/blacklily.es\/#website","url":"https:\/\/blacklily.es\/","name":"Black Lily Clothing","description":"Moda rompedora y totalmente original.","potentialAction":[{"@type":"SearchAction","target":{"@type":"EntryPoint","urlTemplate":"https:\/\/blacklily.es\/?s={search_term_string}"},"query-input":{"@type":"PropertyValueSpecification","valueRequired":true,"valueName":"search_term_string"}}],"inLanguage":"es"}]}},"_links":{"self":[{"href":"https:\/\/blacklily.es\/index.php?rest_route=\/wp\/v2\/product\/2121","targetHints":{"allow":["GET"]}}],"collection":[{"href":"https:\/\/blacklily.es\/index.php?rest_route=\/wp\/v2\/product"}],"about":[{"href":"https:\/\/blacklily.es\/index.php?rest_route=\/wp\/v2\/types\/product"}],"replies":[{"embeddable":true,"href":"https:\/\/blacklily.es\/index.php?rest_route=%2Fwp%2Fv2%2Fcomments&post=2121"}],"wp:featuredmedia":[{"embeddable":true,"href":"https:\/\/blacklily.es\/index.php?rest_route=\/wp\/v2\/media\/2125"}],"wp:attachment":[{"href":"https:\/\/blacklily.es\/index.php?rest_route=%2Fwp%2Fv2%2Fmedia&parent=2121"}],"wp:term":[{"taxonomy":"product_brand","embeddable":true,"href":"https:\/\/blacklily.es\/index.php?rest_route=%2Fwp%2Fv2%2Fproduct_brand&post=2121"},{"taxonomy":"product_cat","embeddable":true,"href":"https:\/\/blacklily.es\/index.php?rest_route=%2Fwp%2Fv2%2Fproduct_cat&post=2121"},{"taxonomy":"product_tag","embeddable":true,"href":"https:\/\/blacklily.es\/index.php?rest_route=%2Fwp%2Fv2%2Fproduct_tag&post=2121"}],"curies":[{"name":"wp","href":"https:\/\/api.w.org\/{rel}","templated":true}]}}